lse
Is 3857 a multiple of 2?
False
Is 6 a factor of 553?
False
Does 39 divide 2847?
True
Is 1376 a multiple of 16?
True
Is 29 a factor of 5684?
True
Is 1903 a multiple of 6?
False
Is 229 a factor of 107973?
False
Is 11 a factor of 15826?
False
Does 55 divide 660?
True
Is 74 a factor of 696?
False
Is 31 a factor of 34565?
True
Does 19 divide 1073?
False
Does 6 divide 128?
False
Is 106 a factor of 446?
False
Is 17008 a multiple of 106?
False
Does 16 divide 6347?
False
Is 10 a factor of 1330?
True
Is 36 a factor of 6264?
True
Does 30 divide 2040?
True
Is 3 a factor of 8067?
True
Is 7 a factor of 852?
False
Does 2 divide 721?
False
Is 7452 a multiple of 57?
False
Is 273 a multiple of 3?
True
Is 23 a factor of 1196?
True
Is 531 a multiple of 9?
True
Is 13 a factor of 743?
False
Is 20021 a multiple of 62?
False
Does 4 divide 524?
True
Is 9 a factor of 178?
False
Is 68 a factor of 816?
True
Is 1135 a multiple of 48?
False
Does 108 divide 8316?
True
Is 28 a factor of 1288?
True
Does 36 divide 576?
True
Is 54 a factor of 4158?
True
Is 30616 a multiple of 249?
False
Is 923 a multiple of 29?
False
Does 91 divide 4368?
True
Is 3 a factor of 425?
False
Does 8 divide 40?
True
Does 15 divide 35760?
True
Does 253 divide 38812?
False
Is 202 a factor of 46213?
False
Is 30987 a multiple of 99?
True
Is 9 a factor of 3393?
True
Is 17 a factor of 221?
True
Is 1465 a multiple of 69?
False
Is 15042 a multiple of 56?
False
Does 34 divide 3943?
False
Is 29 a factor of 667?
True
Is 5753 a multiple of 2?
False
Is 5358 a multiple of 38?
True
Is 72 a multiple of 41?
False
Does 95 divide 7977?
False
Does 28 divide 197?
False
Is 2575 a multiple of 12?
False
Does 24 divide 31?
False
Is 13 a factor of 42965?
True
Does 6 divide 3041?
False
Does 11 divide 1870?
True
Is 10 a factor of 4800?
True
Is 492 a multiple of 14?
False
Is 305 a multiple of 10?
False
Is 6 a factor of 1002?
True
Does 23 divide 2277?
True
Is 28 a factor of 252?
True
Does 11 divide 418?
True
Does 22 divide 990?
True
Does 103 divide 7424?
False
Does 37 divide 961?
False
Is 5056 a multiple of 79?
True
Is 1388 a multiple of 27?
False
Is 47 a multiple of 15?
False
Does 10 divide 2872?
False
Is 8 a factor of 7645?
False
Is 9928 a multiple of 34?
True
Is 166 a factor of 19496?
False
Does 104 divide 4223?
False
Does 6 divide 36?
True
Is 221 a factor of 95914?
True
Does 18 divide 10106?
False
Does 142 divide 5112?
True
Does 27 divide 1215?
True
Does 27 divide 6534?
True
Is 797 a multiple of 9?
False
Is 2004 a multiple of 20?
False
Is 11352 a multiple of 86?
True
Does 12 divide 13440?
True
Is 4 a factor of 9636?
True
Is 35 a factor of 2826?
False
Does 24 divide 624?
True
Is 173604 a multiple of 92?
True
Is 17316 a multiple of 148?
True
Is 29376 a multiple of 17?
True
Does 21 divide 1323?
True
Does 26 divide 602?
False
Is 101441 a multiple of 9?
False
Does 15 divide 9315?
True
Is 18 a factor of 29?
False
Is 86 a factor of 53922?
True
Is 83 a multiple of 30?
False
Is 155 a multiple of 31?
True
Is 5 a factor of 4135?
True
Is 13283 a multiple of 74?
False
Is 29 a factor of 2639?
True
Is 7246 a multiple of 10?
False
Is 16 a factor of 11616?
True
Does 23 divide 12785?
False
Is 17 a factor of 480?
False
Is 255 a factor of 4590?
True
Is 39 a factor of 1826?
False
Does 2 divide 18?
True
Is 51 a factor of 324?
False
Does 33 divide 20275?
False
Does 3 divide 18?
True
Does 63 divide 19138?
False
Is 11 a factor of 5159?
True
Is 21 a factor of 2503?
False
Is 2 a factor of 66?
True
Does 117 divide 3861?
True
Is 776 a multiple of 25?
False
Is 3132 a multiple of 54?
True
Is 7 a factor of 21?
True
Is 371 a multiple of 7?
True
Does 5 divide 617?
False
Is 10384 a multiple of 16?
True
Is 689 a multiple of 13?
True
Is 69893 a multiple of 30?
False
Is 1651 a multiple of 13?
True
Does 85 divide 634?
False
Does 64 divide 12729?
False
Is 1989 a multiple of 9?
True
Is 54870 a multiple of 30?
True
Is 22 a factor of 4784?
False
Does 4 divide 3938?
False
Is 24 a factor of 2256?
True
Does 66 divide 64350?
True
Is 3139 a multiple of 5?
False
Is 86 a factor of 24524?
False
Is 2133 a multiple of 6?
False
Is 20 a factor of 4263?
False
Is 31 a factor of 857?
False
Is 10 a factor of 1210?
True
Is 2011 a multiple of 95?
False
Is 348 a multiple of 14?
False
Is 37 a factor of 803?
False
Is 843 a multiple of 16?
False
Is 61956 a multiple of 19?
False
Is 41844 a multiple of 12?
True
Does 14 divide 421?
False
Does 25 divide 797?
False
Is 5 a factor of 9638?
False
Does 66 divide 6864?
True
Is 6 a factor of 366?
True
Is 25224 a multiple of 12?
True
Is 3 a factor of 909?
True
Does 78 divide 2070?
False
Does 16 divide 2608?
True
Is 8478 a multiple of 21?
False
Is 45 a factor of 3800?
False
Is 34 a factor of 79270?
False
Does 14 divide 1008?
True
Is 5967 a multiple of 3?
True
Is 2025 a multiple of 39?
False
Is 22594 a multiple of 13?
True
Is 82961 a multiple of 38?
False
Is 8 a factor of 1504?
True
Does 37 divide 1419?
False
Does 17 divide 3931?
False
Is 13650 a multiple of 105?
True
Is 31 a factor of 60786?
False
Is 384 a multiple of 16?
True
Does 47 divide 5198?
False
Is 2036 a multiple of 58?
False
Does 4 divide 14797?
False
Is 99 a factor of 42222?
False
Is 7369 a multiple of 3?
False
Is 44427 a multiple of 32?
False
Is 16300 a multiple of 100?
True
Is 63744 a multiple of 14?
False
Does 75 divide 387?
False
Does 95 divide 2830?
False
Is 3 a factor of 705?
True
Does 15 divide 9430?
False
Is 6987 a multiple of 12?
False
Does 47 divide 374?
False
Is 1047 a multiple of 6?
False
Is 7260 a multiple of 121?
True
Is 65 a factor of 8180?
False
Does 48 divide 22272?
True
Is 13 a factor of 454?
False
Does 422 divide 55282?
True
Is 827 a multiple of 30?
False
Is 29 a factor of 11194?
True
Is 5 a factor of 19325?
True
Does 41 divide 5043?
True
Does 3 divide 7511?
False
Does 40 divide 21480?
True
Is 13520 a multiple of 80?
True
Is 91 a factor of 10920?
True
Is 9 a factor of 561?
False
Does 74 divide 4218?
True
Is 2781 a multiple of 11?
False
Is 480 a multiple of 7?
False
Does 100 divide 3700?
True
Does 24 divide 2352?
True
Does 42 divide 206?
False
Does 32 divide 2442?
False
Is 99 a factor of 28512?
True
Is 6 a factor of 2316?
True
Does 34 divide 3419?
False
Is 13 a factor of 3522?
False
Is 22 a factor of 2777?
False
Is 29 a factor of 58116?
True
Is 203 a factor of 26139?
False
Does 10 divide 174?
False
Is 61 a factor of 10797?
True
Is 6586 a multiple of 156?
False
Is 133 a factor of 4522?
True
Is 11808 a multiple of 74?
False
Does 5 divide 13551?
False
Is 60 a factor of 6600?
True
Is 12 a factor of 642?
False
Does 154 divide 7385?
False
Does 5 divide 4485?
True
Is 23 a factor of 10034?
False
Is 3103 a multiple of 61?
False
Is 924 a multiple of 22?
True
Does 21 divide 20307?
True
Does 8 divide 234?
False
Is 180 a multiple of 10?
True
Is 165 a multiple of 33?
True
Does 7 divide 413?
True
Is 10 a factor of 6744?
False
Is 3195 a multiple of 15?
True
Is 2233 a multiple of 7?
True
Is 37 a factor of 2331?
True
Is 15660 a multiple of 180?
True
Is 96 a multiple of 4?
True
Is 56 a factor of 498?
False
Does 3 divide 4340?
False
Is 27 a factor of 940?
False
Is 48 a factor of 7977?
False
Does 37 divide 568?
False
Is 150 a factor of 88950?
True
Is 8 a factor of 896?
True
Does 15 divide 14520?
True
Is 19 a factor of 5453?
True
Does 7 divide 45?
False
Is 22 a factor of 290?
False
Does 28 divide 69?
False
Does 27 divide 3132?
True
Is 150 a multiple of 5?
True
Does 154 divide 25206?
False
Is 34 a factor of 32546?
False
Is 57 a factor of 4845?
True
Is 39 a factor of 33617?
False
Is 30 a factor of 441?
False
Does 54 divide 949?
False
Does 12 divide 2022?
False
Is 1120 a multiple of 56?
True
Does 23 divide 1949?
False
Is 10900 a multiple of 218?
True
Does 4 divide 629?
False
Does 5 divide 7115?
True
Is 5 a factor of 119?
False
Is 870 a multiple of 5?
True
Does 4 divide 4800?
True
Is 6760 a multiple of 26?
True
Is 740 a multiple of 5?
True
Is 11 a factor of 105523?
True
Is 36 a factor of 2052?
True
Is 20 a factor of 13560?
True
Does 12 divide 3674?
False
Is 74 a multiple of 11?
False
Is 233 a factor of 37550?
False
Does 74 divide 4454?
False
Does 3 divide 1179?
True
Is 151 a factor of 36089?
True
Is 34 a factor of 49300?
True
Is 503 a multiple of 8?
False
Does 42 divide 1134?
True
Is 37 a fa